100003231
Convert -2787613 (base 9) to base 5.
-343044224
Convert -10572259 (base 10) to base 11.
-5a71105
What is -111105 (base 9) in base 6?
-1231305
What is -628918 (base 14) in base 4?
-30230120122
Convert 622706 (base 8) to base 15.
411bd
What is -100300323 (base 4) in base 7?
-404124
Convert -2240334 (base 6) to base 3.
-12210121211
Convert -826591 (base 10) to base 9.
-1488774
What is 733401 (base 11) in base 16?
11f0ce
What is -10637545 (base 8) in base 2?
-1000110011111101100101
Convert -1373a67 (base 13) to base 3.
-102120101211001
What is -428139 (base 12) in base 4?
-10000202331
What is 10b253b (base 13) in base 11?
29a5517
-1850288 (base 9) to base 7
-11545655
What is -87375 (base 13) in base 11?
-157746
What is 110655 (base 10) in base 12?
54053
-30134032 (base 5) to base 16
-3a914
Convert 1011101011110100010001 (base 2) to base 3.
12202121201120
What is 1530611 (base 7) in base 15?
41eae
Convert -5b1618 (base 12) to base 5.
-334143433
What is -167de0 (base 15) in base 13?
-2c2104
Convert 223310312233 (base 4) to base 2.
101011110100110110101111
-566614 (base 7) to base 2
-11000100111000100
160696 (base 13) to base 11
341620
Convert -13514054 (base 6) to base 11.
-295381
Convert -2332011212 (base 4) to base 11.
-491a77
1b3cb7 (base 14) to base 16
ed189
What is 53531073 (base 8) in base 6?
1045220043
-4775 (base 13) to base 12
-59ab
-101010101101100011111011 (base 2) to base 4
-222231203323
115a41 (base 14) to base 5
122420402
What is -440355041 (base 6) in base 4?
-132001023001
What is 4421704 (base 8) in base 10?
1188804
What is -37901a (base 14) in base 13?
-51a084
What is 433700 (base 8) in base 10?
145344
Convert a5748b (base 14) to base 12.
1a57257
-267d7 (base 16) to base 4
-212133113
What is 22d7ea (base 15) in base 5?
411300140
What is -35a1b4 (base 16) in base 5?
-1344433204
What is 126060 (base 9) in base 8?
225467
What is -750a14 (base 14) in base 5?
-2003140301
What is 988dc4 (base 14) in base 9?
10653188
Convert -102323010 (base 6) to base 7.
-21203235
-212010302 (base 4) to base 10
-155954
Convert 38a952 (base 12) to base 11.
586544
What is -2011100112111 (base 3) in base 4?
-10120122112
Convert -7670631 (base 8) to base 10.
-2060697
-8551864 (base 11) to base 15
-14c5397
What is -162210 (base 8) in base 15?
-12504
53115015 (base 6) to base 8
5722763
Convert -10000000000100100101 (base 2) to base 13.
-154a05
What is 2220302 (base 4) in base 8?
25062
105105121 (base 6) to base 12
7881a1
-271674 (base 12) to base 7
-5325625
-110010110111010101000001 (base 2) to base 5
-11403140300
What is -161375 (base 10) in base 7?
-1241324
What is ce3d (base 16) in base 7?
306633
-151258 (base 9) to base 3
-11201021222
What is -260a69 (base 13) in base 12?
-381b29
-521104232 (base 6) to base 3
-121221220222102
100202000211 (base 3) to base 12
92b71
Convert 2644678 (base 9) to base 8.
5411755
132012213312 (base 4) to base 14
1095c6a
Convert -12002101100020 (base 3) to base 16.
-2942ee
What is 61601033 (base 7) in base 14?
98471a
What is 110210100100 (base 3) in base 11?
162170
624690 (base 11) to base 5
224023422
What is -9b0aac (base 14) in base 8?
-24053320
Convert 625a0 (base 11) to base 16.
16457
What is 1083319 (base 10) in base 16?
1087b7
Convert -7146734 (base 8) to base 4.
-13030313130
Convert -12182716 (base 9) to base 16.
-5aef04
13012160 (base 7) to base 13
323c39
What is -92285 (base 12) in base 2?
-101110100000000101
-10010101110000101111 (base 2) to base 11
-389968
-4c90b (base 13) to base 6
-3014020
Convert 528804 (base 9) to base 3.
120222220011
What is 7c046c (base 14) in base 13?
b4ca92
What is 6d205 (base 14) in base 11?
172302
What is -24114350 (base 7) in base 14?
-3d9460
What is 26a6e7 (base 15) in base 3?
10111101110001
Convert -4aa48c (base 13) to base 8.
-6657010
What is -3412052 (base 6) in base 4?
-222030200
What is -1210411 (base 8) in base 5?
-41111131
11011000002102 (base 3) to base 9
4130072
Convert b9042 (base 13) to base 11.
208a35
121444043 (base 5) to base 8
2150747
What is 120110112122222 (base 3) in base 14?
113d11c
1021202220100 (base 3) to base 13
1ac709
What is -2263310 (base 9) in base 2?
-100101010100010000001
Convert 186007 (base 10) to base 5.
21423012
-303549 (base 15) to base 4
-20232330210
Convert 9504c (base 15) to base 2.
1110011010111111100
What is 10110011001001011110 (base 2) in base 5?
141440130
What is 2512b (base 12) in base 6?
1024455
Convert 44011034 (base 6) to base 15.
1ac7d7
What is 100010101000010001 (base 2) in base 6?
3012401
-4620423 (base 8) to base 7
-13440650
What is -5d018 (base 14) in base 3?
-102120110002
What is -1181881 (base 9) in base 16?
-9d54c
1001011100000110101101 (base 2) to base 16
25c1ad
What is 11101011100101101 (base 2) in base 12?
59979
-111006 (base 9) to base 14
-1a26d
What is 12aa50 (base 11) in base 3?
101102002012
Convert -34c1c (base 13) to base 14.
-27268
What is -18c55c (base 14) in base 10?
-879142
-1110000101011010101001 (base 2) to base 12
-12a0835
What is 1021011010101021 (base 3) in base 8?
105171456
Convert 1301003031 (base 4) to base 7.
3636003
What is -121102000 (base 4) in base 7?
-610621
-112111331 (base 4) to base 11
-62838
Convert 26240430 (base 8) to base 9.
12004737
Convert -6a8a608 (base 11) to base 10.
-12371048
Convert -21451203 (base 7) to base 12.
-74b450
Convert -310300110 (base 5) to base 11.
-790234
What is 1ab346 (base 13) in base 6?
22335415
Convert -758004 (base 11) to base 7.
-13203144
What is -64d30d (base 16) in base 12?
-2267a39
Convert -338593 (base 14) to base 8.
-6535345
What is -226567 (base 13) in base 11?
-506487
Convert 12220112122 (base 3) to base 14.
30558
-20110220 (base 5) to base 8
-470474
Convert 2454503 (base 6) to base 5.
13210233
Convert -b9239 (base 12) to base 16.
-3b90d
Convert 10010021310 (base 4) to base 6.
34501140
What is -10110010010010000 (base 2) in base 9?
-148182
What is 89ba (base 13) in base 15?
5a85
Convert -1565532 (base 9) to base 8.
-3243363
Convert -3310002 (base 7) to base 15.
-80366
What is -9be153 (base 16) in base 10?
-10215763
What is -7987155 (base 11) in base 6?
-1215324220
Convert -1084b24 (base 12) to base 15.
-426631
What is -41791 (base 13) in base 10?
-117742
-2524806 (base 10) to base 7
-30313644
Convert -71675 (base 14) to base 7.
-2214505
Convert 1137404 (base 12) to base 13.
8bb604
Convert 1111302233 (base 4) to base 8.
1256257
-112010110112020 (base 3) to base 14
-dd63d1
Convert -2001503 (base 6) to base 11.
-64452
-223673b (base 13) to base 16
-a0292e
What is 101111011101001100 (base 2) in base 7?
1436464
Convert -137486 (base 12) to base 6.
-10535050
What is -192654 (base 12) in base 11?
-280505
What is 22133111 (base 4) in base 10?
42965
What is 45a780 (base 12) in base 6?
35541040
20143230 (base 5) to base 8
475013
Convert -1131540 (base 7) to base 14.
-39bc7
Convert -671ab (base 15) to base 3.
-121122121022
Convert 5767354 (base 8) to base 16.
17eeec
What is 85366 (base 9) in base 2?
1101110001110100
What is 5835887 (base 11) in base 13?
2160944
Convert 451423 (base 7) to base 12.
3a211
-1011111000111001001 (base 2) to base 16
-5f1c9
What is 12100001212022 (base 3) in base 13?
783947
What is 15418 (base 15) in base 4?
100231013
Convert -10001010100010111111101 (base 2) to base 3.
-22112122120111
Convert 21d279 (base 14) to base 8.
4306433
Convert -730007 (base 8) to base 11.
-155631
Convert -34304124 (base 6) to base 15.
-15b4a1
Convert -bbb682 (base 12) to base 2.
-1011011000110100000010
-591906 (base 10) to base 9
-1101843
Convert 14434 (base 9) to base 2.
10011001101000
Convert 3008b (base 14) to base 10.
115371
-14a700 (base 11) to base 2
-111001000100101100
Convert -716371 (base 8) to base 11.
-1519a7
4052806 (base 9) to base 14
4035c5
-232103000 (base 4) to base 6
-4021532
What is 538051 (base 9) in base 8?
1162446
Convert -3b3c1 (base 15) to base 2.
-101110010110100000
100010000111000011 (base 2) to base 11
95a74
2220012022111 (base 3) to base 15
20609d
-3003130210 (base 4) to base 5
-201104143
-c08cb (base 16) to base 2
-11000000100011001011
What is 1003404543 (base 6) in base 5?
10110443324
What is 338b5 (base 13) in base 16?
16e4e
Convert -16662211 (base 7) to base 4.
-12101232211
What is 2dfc5 (base 16) in base 9?
316335
-81952 (base 11) to b